= -9*k**3 - 9*k**2 - 12*k + 2. Let l(u) = 3*p(u) + 7*q(u). What is l(-7)?
6
Let f(q) = 3*q + 1. Let a = 0 + 3. Let r(h) = 1 + 3 - 5*h + 4*h. Let z be r(a). Calculate f(z).
4
Suppose -3*c = -3 + 18. Let v(g) = g - 1. Give v(c).
-6
Let j(x) be the second derivative of -x**7/840 + 7*x**6/360 - x**5/15 + 3*x**4/8 + 2*x**3/3 - 5*x. Let d(p) be the second derivative of j(p). Give d(6).
-3
Let i = 13 - 18. Let v(t) = -t**3 - 4*t**2 + 5*t - 4. Let b be v(i). Let n(j) = j**3 + 3*j**2 - 6*j - 1. Determine n(b).
7
Let z(v) = -v**3 - 6*v**2 - 2*v + 6. Let k(c) = c**3 + 8*c**2 - 3*c - 4. Let d be k(-8). Let y be d/12*3/(-1). Give z(y).
-9
Let k(r) = r**2 - 7*r + 10. Let d be k(4). Let x(m) = 3*m**2 + m - 2. What is x(d)?
8
Let k be 5/(-2)*32/(-20). Let a(m) = -m - m - k + 3*m. Let l = 18 + -13. Calculate a(l).
1
Let j(s) = 4*s - 3. Suppose -5*a - v = -52, -4*a + 0*v = 2*v - 38. Let x = a - 8. Suppose -4*r + x = -3*n - 12, -r + 5 = -2*n. Calculate j(r).
9
Let y(u) = -2*u**2 - 7*u - 2. Let z(h) = -2*h**2 - 8*h - 2. Let p(b) = -6*y(b) + 5*z(b). Calculate p(-2).
6
Let x(b) = -b**2. Let p(g) = g**3 + 9*g**2 - 5*g - 1. Let a(v) = -p(v) - 6*x(v). What is a(-4)?
-3
Suppose -g - 7 = -2*p, -3*g + 5*g + 2*p - 16 = 0. Let b(r) = r**2. Let y be b(0). Let o(d) = 4 - d**3 + d - 2*d**2 + y*d**2 + 5*d**2. Determine o(g).
7
Let j(s) = 0 - 1 + 9*s - 8*s. Calculate j(-4).
-5
Let v be (-2)/11 + (-216)/(-99). Suppose -g = g + v. Let b(x) = 2*x - 1. Determine b(g).
-3
Let w be 8 + (1 - (3 - 0)). Let o(g) = 24 + 2*g - 6 - w - 8. Determine o(3).
10
Suppose 6 = -o - 2*z, z = 4*o + 2*z - 11. Let s(w) = 0*w**2 + 8*w + 2*w - o - w**2 - 3*w. Determine s(6).
2
Let t(p) = 6*p - 2 + 6*p - 19*p + 8*p. Give t(7).
5
Let y(l) = -7*l**3 + 2*l**2 - 5*l + 2. Let x(v) = 11*v**3 - 3*v**2 + 8*v - 3. Let o(r) = -5*x(r) - 8*y(r). Determine o(0).
-1
Let y(j) = -14*j - 1. Let k = 85 + -86. Give y(k).
13
Let c(t) = 2*t - 5 + t**3 + 3 - 4*t**2 + 7*t**2. Let p be c(-2). Let a(y) = y + 2. Give a(p).
0
Suppose -k = 5*s - 8*s + 1, -17 = 5*k - 3*s. Let p(u) = u**3 + 3*u**2 - 5*u - 4. Calculate p(k).
0
Let d(k) = k**2 - k - 6. Let r(g) = -1. Let n(j) = -d(j) + r(j). Determine n(0).
5
Let g(l) be the third derivative of -l**4/6 - l**3/2 - 21*l**2. Give g(-3).
9
Let n(h) be the first derivative of 0*h + 0*h**4 - 1 - 1/120*h**5 + 0*h**2 + h**3. Let q(b) be the third derivative of n(b). Calculate q(-4).
4
Let u(h) = -h**3 + h**2 - h - 1. Let t be u(-1). Let y(b) = 4 + b**t + 0*b**2 + 0*b**2 - 5*b. Give y(4).
0
Let n(l) be the second derivative of l**3/3 - l**2 + 3*l. Calculate n(-6).
-14
Let w(t) be the second derivative of -t**5/20 - 5*t**4/6 + 11*t**3/6 - t**2/2 - 4*t. Let s be w(-11). Let k(b) = -13*b**3 - b**2. Give k(s).
12
Let j(d) be the second derivative of d**5/20 - d**4/12 + d**3/6 - 4*d**2 + 7*d. Determine j(0).
-8
Let b(j) = 2*j - 4. Let a be b(4). Let w = a - 2. Let y(u) = u**3 - 3*u**2. Give y(w).
-4
Suppose -444*g - 4 = -445*g. Let z(d) = -3*d**2 + 0 + 4 + 4*d + 2*d**2. What is z(g)?
4
Let p(x) = -x + 4. Let a be p(5). Let k(r) be the third derivative of -1/12*r**4 + 0*r + 0 - 1/30*r**5 - 1/6*r**3 + 1/120*r**6 - 4*r**2. What is k(a)?
-2
Let t(a) = a**2 + 2*a - 3. Let i be (-17)/5 - (-4)/10. What is t(i)?
0
Let j(x) = 8*x**2 + 2*x + 1. Let a = 1 + 2. Let q be 0 - (1 + 2)/a. What is j(q)?
7
Let g(n) = -7*n - 1. Let y(h) be the first derivative of h**3/3 + 3*h**2/2 + h + 3. Let j(r) be the first derivative of y(r). Let t be j(-2). Give g(t).
6
Let u = 2 + 1. Let o = u - 1. Let n(v) = 0*v**2 + o - 5*v + v**2 + 1 + 0*v. Calculate n(3).
-3
Let f(y) be the third derivative of y**4/12 + y**3/2 + 6*y**2. Suppose 0*l - 10 = 2*l. Determine f(l).
-7
Let a(v) = 8*v - 6 - v**2 - 2*v + 1. Let b be a(6). Let g(f) = 0*f**3 - f**3 - 6*f**2 - 5*f + 0*f**3 + 2. Calculate g(b).
2
Let u(v) be the second derivative of v**4/12 + v**3/2 + 2*v**2 - 2*v. Suppose -4*q + 3*q = -3. Let z(k) = -k**2 + 3*k - 3. Let x be z(q). Calculate u(x).
4
Let r(i) = -7*i**3 - 19*i**2 - 11*i + 5. Let y(t) = 4*t**3 + 10*t**2 + 6*t - 3. Let v(o) = 3*r(o) + 5*y(o). What is v(-6)?
-18
Let v(o) = 4*o - 4. Let c(b) = 4*b - 1. Let w be c(1). Let x = w - 3. Suppose -a - 4*k - 13 = x, 5*k + 7 + 13 = 0. Give v(a).
8
Let q(p) = -p**3 + 9*p**2 + 10*p - 7. Let z be q(10). Let c = z + 7. Suppose 4*s - s + 3 = c. Let n(j) = 4*j**2. What is n(s)?
4
Let t = 1/17 + 2/255. Let x(i) be the third derivative of 0 + 1/8*i**4 - i**2 - t*i**5 + 0*i + 1/120*i**6 - 1/6*i**3. Give x(2).
-3
Let a(f) = -f**2 + 5*f + 4. Let v(r) = -5*r**2 + 26*r + 19. Let h(t) = 11*a(t) - 2*v(t). Give h(5).
-4
Let q(j) = 5*j - 66. Let f be q(12). Let x(o) = 2*o + 5. Calculate x(f).
-7
Let g(z) = z**3. Let p(n) = -4*n**3 + 4*n**2 + 5*n + 3. Let k(q) = -3*g(q) - p(q). Let v(b) = b**3 + 3*b**2 - 4*b + 5. Let x be v(-4). Calculate k(x).
-3
Let s(i) = -3*i - 4. Let a = 1 - 0. Let p = -5 + a. Let h(c) = 2*c + 3. Let y(z) = p*h(z) - 3*s(z). What is y(-2)?
-2
Let d(n) = n**3 - 2*n**2 - 5*n + 2. Suppose -25 = -o - 22. Determine d(o).
-4
Suppose f - 2 = -0. Suppose -f*w = -5*w. Let c(n) = -2*n + 2. Let v(m) = -m + 1. Let k(i) = 3*c(i) - 5*v(i). Determine k(w).
1
Let k = -311 - -306. Let a(v) = -v + 3 - 11 - 2. Determine a(k).
-5
Let v(a) = -2*a**2 + 5. Let k(y) = y**2 - 2. Let z(u) = 5*k(u) + 3*v(u). Let x = -6 - -6. Calculate z(x).
5
Let u(q) = -q - 4. Let l be (3/6)/((-1)/(-26)). Suppose -2*w = l - 3. Calculate u(w).
1
Let z(p) = 9*p - 1. Let y be (-4 - -4) + 4 - (-2 - -4). Calculate z(y).
17
Let a(r) = r**3 + 4*r**2 - 6*r - 4. Let z = -5 + 0. Give a(z).
1
Let x(s) be the third derivative of 0 - 2/3*s**3 - 1/24*s**4 - 5*s**2 + 0*s. Determine x(0).
-4
Let v(i) = 6 - 3 + 2*i - 6. Let j = -1 + 4. Give v(j).
3
Let j(f) = 16*f**2 + f - 11. Let u(p) = -7*p**2 + 5. Let t(w) = -3*j(w) - 7*u(w). What is t(3)?
-2
Let a(r) be the second derivative of -r**4/6 - r**3/6 - 2*r. Let p = 7 + -8. Calculate a(p).
-1
Suppose -5*y = l - 16, -7*l + 11 = 2*y - 2*l. Let v(i) = -i**2 + 3*i + 0*i**2 + 1 - 3. Determine v(y).
-2
Let u be (-2 - 13)/3 - -3. Let s(c) be the second derivative of -1/4*c**4 - c**2 + 0 - 1/3*c**3 - c. Determine s(u).
-10
Let i(b) = 10 - b + 2*b - 14. Determine i(4).
0
Let f(o) = -2*o + 2*o**2 - 4*o**2 + 0 + 2. Let t be (5 + -6)/(2/8). Let j be t/(7/((-14)/(-4))). Give f(j).
-2
Let a(s) = 2*s**2 - 3. Let m be a(2). Suppose -o + 2*o = m. Let c(j) = j**2 - 5*j - 2. Calculate c(o).
-2
Let w(h) = 2 - h + 4*h - 4*h. Let a be (-14)/(-4) - 7/14. Let u be w(a). Let l(d) = -8*d**3 - d**2 + d + 1. Calculate l(u).
7
Let d(r) = 6*r - r - 132 + 134. Determine d(-3).
-13
Suppose -4*h - 22 = 2. Let s(o) be the third derivative of -o**4/24 + 2*o**3/3 + 6*o**2. Give s(h).
10
Let h(t) be the second derivative of -1/12*t**4 - 2*t + 0 - 5/2*t**2 - 5/6*t**3. Let f be h(-5). Let q(x) = -x**2 - 7*x - 4. Calculate q(f).
6
Let z(w) be the third derivative of -w**5/60 - w**4/6 + w**3/3 - 2*w**2. Let t be z(-4). Let l be 4/t + -3 + 1. Let a(j) = j + 5. Calculate a(l).
5
Let u(b) = -7*b. Suppose -j = 2*a + 10, 3*j - 4*a = 11 - 1. Let l = -3 - j. Give u(l).
7
Let v = -5 - -10. Let s(r) = -r**3 + 8*r**2 + 9*r + 3. Let k be s(9). Let z(y) = 0*y**3 - 6*y + 6*y**2 - y**k - 1 + 5. Determine z(v).
-1
Let q(d) = -d. Let x(g) = -g - 1. Let u(f) = -7*f - 6. Let s(o) = u(o) - 4*x(o). Let z(a) = 2*q(a) + s(a). Give z(-2).
8
Let u(n) = 4*n - 12. Let w(b) = -8*b + 6. Let l(j) = 9*j - 6. Let o(q) = -6*l(q) - 7*w(q). Let t(d) = -5*o(d) + 2*u(d). Calculate t(6).
-6
Let l(n) = 5*n**3 - n**2 + n - 1. Let r be -1 - 0/3 - -1. Suppose r = -2*f + 3 - 1. Determine l(f).
4
Let b(s) = -s**2 - 2*s + 4. Let m(h) = h. Let i be -6*(3 - (-7)/(-3)). Let w be m(i). Let o be b(w). Let j(c) = -c**3 - 5*c**2 - 2*c + 5. Calculate j(o).
-3
Let b(q) = -5*q + 2. Suppose 5*l + 7 = 2*f, -5*l - 9 - 10 = f. Give b(f).
22
Let k be 10 + -4 - (1 - 1). Let t(i) = -i**3 + 7*i**2 - 5*i - 6. What is t(k)?
0
Let n = 3 + -3. Suppose n = -0*l - l. Let r(a) = a**3 + a**2 - a - 4. Calculate r(l).
-4
Let y(x) = x**3 - 1. Let u(d) = -d**3 + 8*d**2 - 8*d + 7. Let k be u(7). Let p be k/((-6)/(-3 - -6)). Calculate y(p).
-1
Suppose 0 = 2*t + 4*c - 8, t + 0*t = 3*c + 4. Suppose -4*h = 20, -t*s - 1 - 3 = 4*h. Let r(i) = -9 - 2*i**3 + 4*i + i**3 - s*i**2 + 2. Give r(-5).
-2
Let x(t) = t